2?
10214304434
In base 6, what is 1015101345 + 2?
1015101351
In base 14, what is b + 64b436?
64b443
In base 15, what is -cce1 - -6?
-ccda
In base 5, what is 1440 + -210111230?
-210104240
In base 13, what is -aa49a + 320?
-aa17a
In base 16, what is 98c + -1bce?
-1242
In base 16, what is -29 + -2c5ba?
-2c5e3
In base 15, what is -3 - 16c354c?
-16c3550
In base 14, what is -d8d + 9a6?
-3c7
In base 7, what is 3 + 521636024?
521636030
In base 7, what is 11556066 + -1246?
11554520
In base 13, what is 216 - -3960?
3b76
In base 15, what is 166 - -33ea?
3561
In base 5, what is 12022304 - 121320?
11400434
In base 10, what is -32256 + -3577?
-35833
In base 9, what is 3626463 + 36?
3626510
In base 3, what is 11000211100101 - 20?
11000211100011
In base 12, what is 255ab - 953?
24858
In base 10, what is -45631123 + 2?
-45631121
In base 5, what is 11 - -1200141020?
1200141031
In base 15, what is 3113 - -18cb8?
1bdcb
In base 9, what is 326820 + 212?
327132
In base 12, what is -1 - 1739a189?
-1739a18a
In base 15, what is -64 + -48a0?
-4914
In base 8, what is 201 + 406007?
406210
In base 11, what is -41730500 - -a?
-417304a1
In base 3, what is -1110111 - 120212010?
-122022121
In base 15, what is 5 - -26c17d?
26c183
In base 11, what is -1 + -4525884?
-4525885
In base 11, what is 4 - 1a2204a8?
-1a2204a4
In base 4, what is -12120033 - 1222021?
-20002120
In base 7, what is -451 + -5260?
-6041
In base 9, what is 333620350 - -3?
333620353
In base 12, what is 9b326a + 2?
9b3270
In base 5, what is -44140 + 22411?
-21224
In base 9, what is -6 + -14411884?
-14412001
In base 13, what is -2 + 5b7959?
5b7957
In base 15, what is 27989 + 406?
27d90
In base 16, what is -1d + -31145?
-31162
In base 13, what is -4753 - 843?
-5296
In base 9, what is 4 + 1043246061?
1043246065
In base 8, what is 2 - -54042776?
54043000
In base 8, what is 11 - 245131573?
-245131562
In base 5, what is 0 + 2000014300?
2000014300
In base 7, what is -2264025 - 225?
-2264253
In base 14, what is 1025c + 248?
104a6
In base 15, what is -dbe - d2e?
-1bed
In base 15, what is 1a7 + -93bb?
-9214
In base 15, what is -9017 + 49?
-8ebd
In base 13, what is -11b700 - -10?
-11b6c0
In base 7, what is -203 + 4355106?
4354603
In base 2, what is 1100011011111010 + -1001000100?
1100010010110110
In base 3, what is 22122 - -11121222200222?
11122000000121
In base 5, what is -333224 - 12141114?
-13024343
In base 3, what is 2012110111 - -20011?
2012200122
In base 6, what is -3 + -15524204?
-15524211
In base 16, what is -7 + 50536?
5052f
In base 5, what is 113431 - 120?
113311
In base 14, what is 1317 - 8304?
-6dcb
In base 6, what is -13235055450 + 15?
-13235055431
In base 7, what is 16 + 100011244?
100011263
In base 2, what is -1 - 11000001000010101001110010?
-11000001000010101001110011
In base 5, what is -134013 - 102404?
-241422
In base 13, what is -1657194 + 3b?
-1657156
In base 11, what is -1090648 - 20?
-1090668
In base 4, what is 12030320 - -10302?
12101222
In base 3, what is 2201222 - -22010202010?
22020111002
In base 5, what is 2324443424 + 230?
2324444204
In base 12, what is -64625254 - -2?
-64625252
In base 5, what is 10 - 142212042200?
-142212042140
In base 5, what is 1333322342 - -3?
1333322400
In base 8, what is 5670062 - -1?
5670063
In base 15, what is -14 + -d208a8?
-d208bc
In base 9, what is 1584 + -2653?
-1058
In base 3, what is 20221002 - -220202?
21211211
In base 2, what is -11000111001111010010 - 1?
-11000111001111010011
In base 4, what is 2313312231 + 0?
2313312231
In base 14, what is 3047d2 + -14b?
304685
In base 11, what is -1 - -16177636?
16177635
In base 14, what is -385 + -5739?
-5ac0
In base 7, what is -30332006430 + -3?
-30332006433
In base 13, what is -239 - 32155b?
-321797
In base 8, what is 11116630 + -665?
11115743
In base 11, what is 58653 + 533?
59086
In base 11, what is -566048 + -23?
-566070
In base 8, what is 11 + 131467274?
131467305
In base 7, what is 1463 + -132514?
-131021
In base 3, what is -101 + -1102000222200?
-1102001000001
In base 15, what is 92010 + -e1?
91e1e
In base 13, what is 17 - a5703a8?
-a570391
In base 13, what is -5805b0 + 20?
-580590
In base 12, what is -5 + -842856?
-84285b
In base 7, what is -1010 + 4221006?
4216666
In base 13, what is -1c357 + -cb?
-1c455
In base 14, what is -392adc6 + 3?
-392adc3
In base 4, what is -2321 - -103033003012?
103033000031
In base 14, what is 0 + -9c72c86?
-9c72c86
In base 3, what is 21 - -211000220022?
211000220120
In base 14, what is 1d81a - 98?
1d762
In base 16, what is -f - 20500e8?
-20500f7
In base 12, what is 666249 + 15?
666262
In base 4, what is -33030330020 - -2?
-33030330012
In base 4, what is -1123 - 2212332211?
-2213000000
In base 11, what is -5256 + 133?
-5123
In base 15, what is 33 + -292b27?
-292ae4
In base 11, what is -48161 + -7697?
-54848
In base 6, what is 43131430001 - 3?
43131425554
In base 8, what is 5 + 23327541?
23327546
In base 11, what is 1319 + 242857?
244075
In base 11, what is 5 + -54180647?
-54180642
In base 13, what is -19957ab - 3?
-19957b1
In base 10, what is -14 - 23025263?
-23025277
In base 3, what is 112 + -2210212010120?
-2210212010001
In base 4, what is -103112 - 20123013?
-20232131
In base 3, what is 11 + -10001002211020?
-10001002211002
In base 16, what is -248f - 78a?
-2c19
In base 15, what is 5 - 2048adc?
-2048ad7
In base 5, what is 30 + -33302340?
-33302310
In base 6, what is -153453 + -115044?
-312541
In base 10, what is -155 + 71796?
71641
In base 6, what is -1 - -155351523?
155351522
In base 8, what is -47 - 32543566?
-32543635
In base 5, what is -1 - -13114002143?
13114002142
In base 13, what is 1b404ac + 17?
1b404c6
In base 8, what is -300473 - 1325?
-302020
In base 2, what is -1000010001010011100111000 - -10?
-1000010001010011100110110
In base 13, what is -837ac - -1a?
-83792
In base 8, what is -67 + -1271741?
-1272030
In base 9, what is -405 + -1213176?
-1213582
In base 10, what is -1486023780 + -1?
-1486023781
In base 3, what is -21110101111002 + -11?
-21110101111020
In base 2, what is -11110 - 1101000101000010?
-1101000101100000
In base 8, what is -2405660 + -530?
-2406410
In base 9, what is -2 - 1441458?
-1441461
In base 10, what is -21642303 - -2?
-21642301
In base 16, what is -e - 6020c4?
-6020d2
In base 15, what is 487c - -550?
4dcc
In base 7, what is 3531664 - 65?
3531566
In base 16, what is 104 - -249c?
25a0
In base 6, what is -440414501 - -11?
-440414450
In base 6, what is 3 + -115103555?
-115103552
In base 2, what is -1001111100110101100110101 + -1?
-1001111100110101100110110
In base 9, what is -3 - -11127178?
11127175
In base 5, what is 2312004010 - 232?
2312003223
In base 13, what is 858 + -213963?
-213108
In base 15, what is -1 + -8b784?
-8b785
In base 15, what is -248 - -14bd1?
14988
In base 13, what is -c94a - 164?
-cab1
In base 5, what is 22413423030 + 14?
22413423044
In base 12, what is -6483 + -27438?
-318bb
In base 11, what is 54a + -27135?
-26696
In base 3, what is 220201200 + -210202?
212220221
In base 4, what is -13 - 20301221123?
-20301221202
In base 5, what is 100 - 14441322?
-14441222
In base 11, what is -1073 - 1167?
-222a
In base 4, what is -311101231321 - 10?
-311101231331
In base 5, what is -140 - 144443332?
-144444022
In base 6, what is 25305052 + 1435?
25310531
In base 8, what is -30321 - 20526?
-51047
In base 2, what is 101110110 - -11001100001111001?
11001100111101111
In base 11, what is -8a83 + -1207?
-a18a
In base 14, what is -2 + -2710386d?
-27103871
In base 11, what is -1423 - 5896?
-7209
In base 9, what is 80025 - 35?
78880
In base 14, what is 5 + -6ab659?
-6ab654
In base 16, what is -db18 - 33b?
-de53
In base 13, what is 70c8a61 + 3?
70c8a64
In base 8, what is -7354356 - -446?
-7353710
In base 7, what is 32043601 - -2?
32043603
In base 15, what is 31 - 4c6c49?
-4c6c18
In base 7, what is 46516635 + -45?
46516560
In base 15, what is 25a563 - -3d1?
25a944
In base 6, what is 4231225522 - -3?
4231225525
In base 13, what is -9 + -101a36c?
-101a378
In base 16, what is -5 - 192a7ce?
-192a7d3
In base 3, what is 110021101012002100 + 1?
110021101012002101
In base 9, what is 61365 - 2040?
58325
In base 3, what is -2212100121 + -11220?
-2212112111
In base 6, what is 541554 - -13145?
555143
In base 14, what is -6164008 + -5?
-616400d
In base 3, what is 110 + -1